f 1 + -6 - (10 - 18)?
3
What is the value of (11 - (-8 + 7 - -8)) + -4?
0
-7 + 6 + -2 - -7
4
Calculate 1 + -5 + 21 + -16 + -1.
0
Calculate -8 + (-8 + 14 - 5).
-7
(9 - 3) + -3 + -9
-6
What is the value of -5 + (-3 - (-6 + -6)) - 9?
-5
Calculate 3 + -10 + 4 - -4.
1
What is 2 + (7 - 9) - (-3 - -4)?
-1
What is the value of -2 - (0 + (1 - 1))?
-2
2 + -3 + -3 + -1 + 4
-1
What is -1 - (-3 + 6 + -2)?
-2
What is 1 + 2 + (-13 - (-6 + -9))?
5
Evaluate (-3 - -2) + (-1 - -4).
2
-3 - (-6 + (-3 - -4))
2
What is -3 + (5 + -11 - (-2 + 3))?
-10
What is -1 + -4 - (-3 - -2)?
-4
Evaluate 4 - (1 + -4 + (4 - -1)).
2
Evaluate 0 + 17 + -16 - (0 - -7).
-6
What is the value of -11 + 1 + -31 + 33?
-8
What is the value of 3 + 1 - (-3 - -12)?
-5
(0 - (-15 - -7)) + -14
-6
Calculate 2 + (-2 + 2 + 4 - 3).
3
Calculate 8 + 2 + -13 + 13.
10
-102 + 96 + 0 + 2 + 8
4
-2 + (8 - 10 - (-1 + -2))
-1
What is 5 + -5 + 0 + 28 + -23?
5
What is -3 + 0 - (-9 + 6)?
0
3 + -1 - (37 + -35)
0
6 - (-8 + 12) - 6
-4
What is 2 - (3 - 7 - -4)?
2
Evaluate (48 - 43) + -5 + 0 + 1.
1
Calculate (-4 - -2) + -2 - (-1 + -1).
-2
(4 - 3 - -1) + -8 + 2
-4
Calculate (7 - (-5 + 8)) + 1.
5
What is 17 + -15 - (2 - 0)?
0
Evaluate 4 - (6 + -6 - -6).
-2
Calculate -13 + (8 - (5 - 0)) + 5.
-5
What is -4 + 0 + 4 + (1 - -3)?
4
What is (-851 - -854) + 0 + (3 - -1)?
7
What is the value of -5 + (2 + -8 - -10)?
-1
(4 - (-9 + 11)) + (1 - 4)
-1
Evaluate 0 + (-2 - (4 - 5)).
-1
(0 - 4) + 1 + 4
1
What is 1 + -2 - (1 + 1)?
-3
Calculate (-1 - 0) + -2 - (-6 + 3).
0
Evaluate -4 + 1 + (9 - 6) - 6.
-6
Evaluate (1 + -3 - 4 - -3) + 1.
-2
What is the value of 9 + (6 - 14 - -4) + -1?
4
What is the value of 3 - (4 - 2) - (2 - -1)?
-2
What is the value of -5 - (-12 + 3) - 6?
-2
5 + (3 - 5) - -2
5
-2 - (-1 + 5 - 8)
2
Evaluate 0 + -4 + 7 + -5.
-2
16 - 10 - (2 + 10 - 1)
-5
Calculate (-47 - -40) + 16 + -4.
5
Calculate -4 - (-5 - 5 - (3 + -6)).
3
Calculate -7 + (-7 - (-5 + -9)) + 7.
7
Evaluate (1 + 0 - 0) + (8 - 6).
3
What is -4 + 3 + -1 - -2?
0
What is (-2 - 1) + (-2 - (-3 - 0))?
-2
What is the value of 4 + -6 + 3 + -1?
0
What is 1 + -2 + (-2 - -6) + -4?
-1
Evaluate -4 + 0 + 4 + 0.
0
What is the value of 6 + -2 - (-3 - (-7 + -1))?
-1
9 + -8 - (3 - 0)
-2
Evaluate -4 + 2 + 0 + -3.
-5
What is the value of 3 + -13 + (-3 - -8)?
-5
Calculate (-3 - 1) + 2 + (-6 - -5).
-3
Evaluate -4 + (6 - 6) + (-5 - 1).
-10
Evaluate (-3 - -1 - (7 - 9)) + -1.
-1
What is 6 + 0 - (-2 + 4 - -1)?
3
What is (20 - 8) + (-2 - 2)?
8
What is the value of 8 - (-8 - -16) - 4?
-4
What is the value of (3 - 1) + -1 - 1?
0
What is the value of -11 - (7 - (13 + 3))?
-2
Evaluate (5 - 1) + -6 + 1.
-1
(-7 - -12) + (27 - 30)
2
Evaluate -9 + (-11 - -21) - 2.
-1
What is the value of -1 - (3 + (19 - 8) + -8)?
-7
Calculate 7 + -19 - (-11 + -2).
1
What is the value of (-13 - -12) + (-1 - 0)?
-2
What is the value of 0 - ((-1 - -12) + 33 + -37)?
-7
-13 + (-11 - (-2 - 14))
-8
Calculate 12 - (4 - (6 + -23)).
-9
Calculate (1 + -1 + 4 - 7) + 7.
4
What is the value of 5 - (-2 - (-1 + 0 + -1))?
5
What is -3 + 2 - (-23 + 28)?
-6
Calculate 0 + (-5 - 4) + (4 - -1).
-4
Calculate 6 + 2 + (-12 - -3).
-1
-2 - ((0 - -5) + (-32 - -30))
-5
What is 2 + 8 + -4 - (-1 - 2)?
9
What is the value of (9 - -4) + -3 + -1?
9
Evaluate 4 + (-4 - (1 + -1)).
0
What is the value of -11 + 12 + 3 + -6?
-2
Evaluate (0 - -5) + 46 + -50.
1
Evaluate 6 + -2 + (-9 - -11).
6
What is the value of (3 - -1) + -4 - (-1 - 1)?
2
What is 2 + -8 - (-33 - -27)?
0
What is the value of -14 + -8 + 18 + -7?
-11
-1 + 3 + -4 - (1 + -6)
3
What is -4 + -1 + 7 + -5?
-3
What is the value of -12 + -6 + 5 + 2 + 7?
-4
Calculate 0 + 0 + 3 + 1 + -4.
0
What is 3 + -3 - 1 - 5?
-6
What is -1 - ((13 - 13) + (3 - 0))?
-4
Evaluate (2 - (4 + -8 + -3)) + -4.
5
What is (4 - 0) + -33 + 24?
-5
What is the value of (-6 - (-17 + 6)) + -8?
-3
Calculate (10 - -3) + 31 + -38.
6
(8 - (-3 + (-5 - -11))) + -3
2
0 + 3 + -1 - (2 - -3)
-3
What is the value of 3 + (5 - 12 - -8) + 1?
5
What is the value of -4 - (-2 + -8 + 6)?
0
2 + (-4 - ((5 - 6) + -1))
0
Evaluate -3 - (-3 - (7 + (-2 - 1))).
4
10 - 3 - 1 - 1
5
Evaluate (-5 - (-6 + 1)) + 0 + -2.
-2
Calculate -6 + 16 - (-1 - -6).
5
What is the value of (-17 - -25) + -9 - (0 + -7)?
6
What is the value of 2 + -7 - (-2 + 0)?
-3
Evaluate 2 - (-6 + 11 + -2 + -1).
0
Evaluate (3 - 5) + -1 - 3.
-6
Calculate 7 - 7 - (6 + -2).
-4
Evaluate (-4 - -9 - 4) + -5.
-4
What is the value of 1 - (3 + 0 + -4)?
2
What is the value of 1 - (-6 + 10 + (-3 - -5))?
-5
What is -4 + 0 + 5 + (4 - 6)?
-1
What is the value of 1 + 0 + (18 - 19)?
0
Evaluate (-1 - -6) + (3 - 4) + -1.
3
Calculate 2 - (1 + 1 - (-8 - -4)).
-4
Evaluate -20 - -20 - (3 + 0 + -2).
-1
Evaluate -4 + 0 - (-31 - -31).
-4
Evaluate (0 - 0) + (4 - 3).
1
Calculate 1 + (-5 + 1 - 2).
-5
What is the value of -1 + -3 - -5 - -4?
5
17 + (9 - 28) + 11
9
What is -1 + 5 + -12 + (6 - 0)?
-2
What is (10 - 3) + -5 + (-2 - 1)?
-1
(0 - -2) + -3 + 7 + -3
3
Evaluate -1 + 2 + (-21 - -17).
-3
(-3 + 4 - 0) + (26 - 30)
-3
What is the value of -3 + (19 - 10) - (13 + -6)?
-1
Calculate 0 - (-12 + (2 - -2) + 6).
2
Calculate -8 + 13 + (-2 - 1).
2
What is -1 + (-1 - (0 - 3)) - 3?
-2
Calculate -5 - (-1 + 8 + -6 + -6).
0
-1 + -2 + -22 + 26 - 2
-1
Calculate -6 + 6 + 3 + -2.
1
Calculate -4 + (-4 - -12) + (-4 - 3).
-3
What is the value of -8 - (36 + -41 - (-3 - -1))?
-5
1 - (5 - 0) - (-5 - -3)
-2
What is the value of 5 - (14 + (4 - 12))?
-1
Evaluate 12 - (7 + (-3 - -5)).
3
(-14 - -8) + -3 + 5 + -1
-5
Evaluate -6 + 4 + -2 + 6 + -4.
-2
What is 12 - 8 - (0 + 3)?
1
Evaluate -3 + 3 + (-7 - -9).
2
Calculate (-4 - -6) + 16 + -28.
-10
What is the value of 2 + (4 - -2 - 10)?
-2
0 + 9 + -3 - (6 - 6)
6
What is the value of -17 - -15 - (-1 + 2 + -2)?
-1
What is -5 - (-12 + 15 + -3 + 2)?
-7
What is 0 + (-3 + 2 - (-6 - -7))?
-2
Calculate -7 - -5 - (2 - 6).
2
Evaluate -8 + 4 + -5 + 6.
-3
6 + -1 - (1 + 4)
0
Evaluate (14 - 18) + 1 + 2 - -5.
4
Evaluate -7 + (-8 + 15 - 1).
-1
Calculate -4 + 4 + 0 - (13 - 7).
-6
(-4 - -5 - -1) + -7 - -2
-3
Evaluate (9 + -5 - 2) + -2.
0
What is the value of -4 + (2 - -5) + -2?
1
Calculate (2 + -19 - -7) + 4.
-6
What is the value of -5 + 3 - (1 + (2 - 5))?
0
What is 1 - -1 - (-6 - (-8 + 2))?
2
Evaluate (1 - -6) + -2 + -9 + 7.
3
What is -10 - (-8 + (7 - 4))?
-5
What is -15 + 15 + (1 - (-1 - -1))?
1
What is -8 + 2 - (4 + -9)?
-1
Calculate (-1 - 1) + (-7 - -13).
4
What is the value of -7 + -22 + 24 + (2 - 0)?
-3
(-4 - -3) + (-2 - 2) + 2
-3
(5 - 1) + 1 - 1 - 1
3
What is (4 - 1) + -14 + 0 + 8?
-3
Evaluate -4 + 0 - (12 + (-24 - -9)).
-1
Calculate -50 + 46 + (5 - 0).
1
0 + 0 - (-5 + 8)
-3
-4 - ((-8 - -5) + -7)
6
Evaluate 59 - 57 - (1 + 6).
-5
What is the value of -2 - (-3 - (2 - 0)) - 0?
3
-7 - (-1 - (6 - 1) - -5)
-6
What is -1 + -5 + (4 - -5)?
3
-3 - (-3 - (-1 + -4))
-5
What is 1 + 6 + -5 + (1 - -1)?
4
Calculate -5 - -4 - 7 - -8.
0
Calculate -5 + (18 - 13) - (-1 + 5).
-4
Evaluate (-8 - 0) + (65 - 56).
1
What is the value of 2 - (3 + -8 + 3 - -3)?
1
What is the value of -9 + 21 + -3 - 9?
0
What is 6 + (-3 - 6) + 3?
0
Calculate -1 + 6 + (-7 - (1 + -5)).
2
What is the value of (-8 - -7) + -5 - -7?
1
Evaluate 1 + (-6 - (-12 + 8)).
-1
What is 15 + 2 - (15 + -6 + -1)?
9
Calculate (-1 - -1) + 2 + -2.
0
Evaluate (2 - -2) + (15 - 4 - 12).
3
What is the value of (3 - 8) + (3 - 2) + 4?
0
What is the value of 1 - (0 + (7 - 4) + -1)?
-1
Evaluate -8 - (-1 - 5 - 4).
2
Evaluate 2 + -1 - (9 - 11).
3
What is the value of -81 + 78 + (2 - -7)?
6
What is -5 + (5 - 2 - (-8 + 6))?
0
What is the value of -1 + 2 - (7 - (5 + -4))?
-5
Calculate -5 - 3 - -4 - -2.
-2
-15 + (7 + 3 - 2)
-7
What is the value of -13 + 16 - (1 - -1)?
1
What is 6 + -4 - (-1 + 1)?
2
-1 - -6 - (-1 + (-1 - -9))
-2
What is 3 - ((14 - 12) + 3)?
-2
Calculate -19 + 5 + 7 + 6.
-1
Evaluate 9 - (1 + 15 + -6).
-1
Calculate 0 + 9 + (113 - 115).
7
Evaluate (-10 - -5) + -5 + 7.
-3
What is the value of -13 + (-9 - (12 + -32))?
-2
What is the value of -14 - -10 - (-2 - -3)?
-5
Evaluate -9 - (3 + -7) - (-6 + 3).
-2
What is the value of -2 + (-6 - (4 - 3 - 5))?
-4
What is 2 - ((0 - 3) + 8)?
-3
What is the value of 6 - (-3 - (0 - 2 - 2))?
5
What is 0 + (-1 - 1) + (-18 - -24)?
4
Calculate -12 + -2 + 10 + 3.
-1
Calculate (-8 + 14 - 3) + (-10 - -1).
-6
What is -9 - -8 - (0 + -5)?
4
Calculate 40